is the units digit of j?
0
Suppose -249 + 1484 = -5*n. Let d = n + 373. What is the hundreds digit of d?
1
Let n be (-150)/(3 - (-16)/(-4)). Let m be n/22 - 6/(-33). Let x(f) = -f**2 + 10*f - 6. What is the units digit of x(m)?
5
Suppose 0 = -2*w + w - 1. Let i = 4 + w. Suppose -i*r + 98 = 38. What is the tens digit of r?
2
Suppose -71 - 57 = 8*s. Let o = s + 38. What is the tens digit of o?
2
Let q = -13 - -14. Let f be -3 + 1 + q - 41. What is the tens digit of ((-8)/3 + 2)*f?
2
Let v(q) = -q**3 - 36*q**2 - 39*q + 14. What is the tens digit of v(-35)?
5
Suppose 54 + 37 = 3*m + 5*s, 4*s - 108 = -4*m. Suppose -u = -4*a - 0*a + 24, -5*a + 2*u = -27. Let n = m - a. What is the units digit of n?
5
Suppose 19*q - 429 = 8*q. What is the tens digit of q?
3
Let i(z) = 2*z - 11. Suppose -3*v + 48 = -4*x, 5*v - 4*x - 46 - 26 = 0. What is the tens digit of i(v)?
1
Suppose 2*y = -2*y. Let h be y + 7 + (1 - 0). Suppose p - h = -p. What is the units digit of p?
4
Suppose -2 = o - s, -s + 3 - 13 = -5*o. Suppose 0 = -o*x - x + 16. Suppose z + 2 = x. What is the units digit of z?
2
Let q be 1/((-5)/(-30)*-1). Let c(g) = -10*g - 9. What is the tens digit of c(q)?
5
Suppose -4*f = -6*f - 168. What is the units digit of (63/f)/(1/(-88))?
6
What is the tens digit of ((-146)/4)/((-31)/(-806))*-1?
4
Let d(r) = -r**3 - 8*r**2 - 5*r + 9. Let z be d(-9). Suppose -129 - z = -4*n. What is the units digit of n?
6
Let o = -47 + 37. Let v be 10/4*(-12)/o. Suppose v*u - 2*d = 193, -133 + 456 = 5*u - 2*d. What is the tens digit of u?
6
Suppose 0 = s - 4*t - 3096, 12401 = 4*s - 21*t + 22*t. What is the units digit of s?
0
Let f(h) = 3*h**2 - 5*h**2 - 6 + 2*h + 3*h**2. Let j be f(-5). Let p = j - 2. What is the units digit of p?
7
Let u(f) = -f**3 - 20*f**2 - 3*f - 26. Let w be u(-20). Let g = -29 + w. Suppose -i + 3*j = -44, 3*i - g*i = -3*j - 79. What is the units digit of i?
5
Let w = 38 - -862. What is the hundreds digit of w?
9
Suppose 0 = -2*p + 51 + 31. Suppose -43*c + 594 = -p*c. What is the units digit of c?
7
Let b = 1881 + -1300. What is the tens digit of b?
8
Suppose -623 = -5*i - 58. What is the hundreds digit of i?
1
Suppose 10040 = 4*j + 6*j. What is the tens digit of j?
0
Suppose -4*n - 3 + 11 = 0. Suppose -116 = -n*h + 3*x, 4*h + h - 244 = -4*x. What is the units digit of h?
2
Let h(k) = 419*k**2 - k + 1. What is the hundreds digit of h(1)?
4
Let u(m) = 2*m**2 + 10*m + 3. Let c be u(-5). Suppose -3*h - c = 5*t, -5*h - 3*t - 5 = -2*t. What is the tens digit of 11 - (0 + -2) - h?
1
What is the thousands digit of -15 - -8 - (-5)/((-20)/(-4232))?
1
Suppose -f = n + 3*n - 11, -3*n - 5*f = 13. Suppose -5 = k, -n*c + 2*c + 180 = 2*k. What is the tens digit of c?
9
Let p(u) be the second derivative of 5*u**3/3 + 3*u**2/2 + 3*u. Let c be p(3). Suppose -c = -2*i - i. What is the tens digit of i?
1
Let n be (70/25 + 2)/(6/(-40)). Let g = -14 - n. What is the units digit of g?
8
Suppose 7*k + 2351 - 11696 = 0. What is the units digit of k?
5
Suppose -3*p = -6*p. Suppose p = 3*v - 9, -5*c = 4*v - 0 - 12. What is the units digit of 3/((c + 2)/10)?
5
Suppose 15*g - 8 = 11*g. Suppose r - 50 + 15 = g*f, -3*r = 2*f - 121. What is the units digit of r?
9
Let u = 35 - -5. Suppose 2*n - j = -0*n + 7, -5*n - 2*j + u = 0. What is the units digit of n?
6
Let a be 30*1/((-10)/(-36)). Let r be ((-31)/4)/((-10)/80). Let o = a - r. What is the units digit of o?
6
Suppose -4*z = 3*f + 1 - 15, f - 4 = -z. What is the tens digit of (-78 - -2)*z/(-2)?
7
Suppose -5*r + 84 = -2*p + 3*p, 3 = -3*p. Suppose -15*g + r*g = 276. What is the tens digit of g?
3
Suppose -y = 2*o - 10, 1 - 3 = -2*o - 5*y. Suppose -o*l = -l - 225. What is the tens digit of l?
4
Suppose 0 = 44*z + 23*z - 75375. What is the hundreds digit of z?
1
Let u(a) = -a**3 - 25*a**2 - 30*a + 16. What is the hundreds digit of u(-25)?
7
Suppose -5*x = -8*x + 12. Suppose -5*t - 46 = -p + 5, x*p + 3*t = 250. What is the tens digit of p?
6
What is the units digit of (1809/6)/(-9)*-28?
8
Suppose 3*b - 9 = 0, 21*m - 4*b - 2112 = 17*m. What is the units digit of m?
1
Let j(b) = 3*b. Let v be j(-7). What is the tens digit of (2*-79)/(7/(v/6))?
7
Let v(a) = 20*a**2 - a + 2. Let g be v(1). Suppose 2*w - 6 = -m, 4 + g = 5*m + 5*w. Let r(f) = 5*f + 5. What is the units digit of r(m)?
5
What is the units digit of ((-2)/10 + 2)*1155?
9
Let t(g) = 131*g + 4. Let q be t(1). Let m = 368 - q. What is the units digit of m?
3
Suppose -2*v - 4 = 0, -6*r = -r - 4*v + 2317. Let a = -301 - r. What is the hundreds digit of a?
1
Let z = -1246 - -1804. What is the tens digit of z?
5
Suppose 23*f = 40093 - 9710. What is the tens digit of f?
2
Suppose 12 = -4*n, -20 = -q + 5*n - 3. What is the hundreds digit of q/(-10) + (-2)/(10/(-851))?
1
Let v be 4/2 - (-1 + -12). Let q(i) = -25*i**2 + 9*i**2 + 18*i - 1693*i**3 - 12 + 1694*i**3. What is the units digit of q(v)?
3
Let s(h) = -74*h + 199. What is the hundreds digit of s(-16)?
3
Suppose 0*x + 14 = 2*x. Let l(k) = 4*k**2 - 4*k + 23. What is the units digit of l(x)?
1
Suppose -8*m - 3*m = -8481. What is the tens digit of m?
7
Suppose 5*w - 15975 = 2*s, -3*w - 26*s + 30*s = -9599. What is the units digit of w?
3
Suppose 3*k + j = 4042, -k + 21*j - 17*j = -1369. What is the hundreds digit of k?
3
Let d = 365 + 24. What is the tens digit of d?
8
Suppose -6*m = -m + 3*s - 679, -4*m + 544 = 2*s. What is the hundreds digit of m?
1
Let u = -9 - -13. Suppose 4*l + 123 - 779 = -u*y, 5*l - 799 = 2*y. What is the units digit of l?
1
Let o(w) = 359*w - 8. What is the units digit of o(1)?
1
Let h(t) = -t**3 + 28*t**2 - 39*t + 10. What is the hundreds digit of h(21)?
2
Suppose -21*w = -2*w - 12445. What is the tens digit of w?
5
Let c(n) = -2*n**2 + 5*n + 6. Let k be c(-3). What is the tens digit of k*1*(2 - 11)?
4
Let o = 1 + 111. Suppose 4*b - 100 - o = 0. Let q = -28 + b. What is the tens digit of q?
2
Let k(j) = j**3 - j**2 + j + 1. Let t(b) = 13*b**3 + b**2 - 1. Let w be t(1). Let o = w + -13. What is the units digit of k(o)?
1
Let s(g) = 13*g**2 + 18*g + 11. Let o(b) = -9*b**2 - 12*b - 7. Let z(x) = -8*o(x) - 5*s(x). What is the tens digit of z(-4)?
8
Let j(g) = 10*g - 5. Let o be j(2). Suppose o = 3*l + 6. Suppose 2*m - 5 = -l*m, 5*m = 3*n - 61. What is the tens digit of n?
2
Suppose 7*o + 10*o - 6341 = 0. What is the hundreds digit of o?
3
Suppose -4*t = 4*o - 8, 5*t = -3*o + 2 + 8. Let k(l) = -3*l + 4. Let f be k(7). Let d = o - f. What is the tens digit of d?
1
Suppose -4*r = -j + 9, 2*j + j + 5*r = 10. Suppose 8*g - i - 24 = j*g, -8 = -g - 4*i. Suppose 3*y = 10 + g. What is the units digit of y?
6
Let v(k) = k + 6. Let j be v(7). Let a be 2/9 + ((-2721)/(-27) - 5). Suppose 0 = 10*q - j*q + a. What is the tens digit of q?
3
Suppose -1 = -2*v + 9. Suppose -5*l + 1211 = 3*x, -2*l = -v*l + 3*x + 741. What is the units digit of l?
4
Let j = -5585 + 9128. What is the hundreds digit of j?
5
Suppose 0 = 5*v - 38 + 13. Suppose -110 = -3*y - s, -108 = -3*y - v*s + 2*s. What is the tens digit of y?
3
Let s(m) = 3*m**2 - m + 249. Let w be s(0). Let c = w - 133. What is the units digit of c?
6
Suppose -j - 4*u = -147 + 39, 456 = 5*j - u. Let b = -1 + 5. Suppose b*a - 3*h = j, -a - 2*h + 34 = -0*a. What is the tens digit of a?
2
Suppose 0 = -3*l + 8*l - 755. Let f = -84 + l. What is the units digit of f/4 + (-6)/8?
6
Suppose -2*l = -96 - 48. Let v be l + (-3)/1 - 0. Let s = -46 + v. What is the units digit of s?
3
Suppose -3*z + 5*z - 384 = 0. What is the units digit of z?
2
Suppose -4*u = -3*f + 162 + 97, 125 = -2*u + 3*f. Let d = u - -140. What is the units digit of d?
3
Suppose 0*n + 36 = 4*y + 3*n, -n - 36 = -4*y. What is the units digit of -12*(4 + (-42)/y)?
8
Suppose -4*k + 6*k + 4*p - 416 = 0, 4*k + 4*p - 812 = 0. What is the hundreds digit of k?
1
Let m(p) = -p**3 + 8*p**2 + 22*p + 16. What is the units digit of m(-8)?
4
Let h be (56/21)/(2/3). Suppose 3*k - 546 = -h*c, 0 = c + 3*c + 2*k - 548. What is the hundreds digit of c?
1
Let q = 352 - 155. What is the units digit of q?
7
Let y(v) = -v**3 + v**2 + v + 9. Let k be y(0). What is the tens digit of (-1)/2*(-125 + k)?
5
Let v = 1 + -38. Let d = v + 58. What is the tens digit of d?
2
Let w = 23 + -47. What is the units digit of w/10*(-120)/9?
2
Let l(r) = r**2 - 28*r